e
Is 239616 a multiple of 52?
True
Does 10 divide 10047686?
False
Does 16 divide 1906160?
True
Is 464 a factor of 255200?
True
Is 707937 a multiple of 394?
False
Is 153216 a multiple of 36?
True
Is 640 a factor of 3161580?
False
Does 116 divide 449097?
False
Is 302664 a multiple of 17?
False
Does 392 divide 801389?
False
Does 11 divide 51194?
True
Is 28680 a multiple of 6?
True
Is 5 a factor of 20438?
False
Is 7 a factor of 58067?
False
Is 5241390 a multiple of 55?
True
Is 42 a factor of 17963600?
False
Is 58968 a multiple of 27?
True
Is 5932762 a multiple of 374?
True
Is 80 a factor of 156543?
False
Does 225 divide 175928?
False
Does 25 divide 56625?
True
Is 50 a factor of 1372754?
False
Is 280032 a multiple of 32?
True
Is 68 a factor of 196114?
False
Is 1277 a factor of 3052030?
True
Is 4 a factor of 11308215?
False
Is 3630 a multiple of 5?
True
Does 327 divide 423792?
True
Does 7 divide 1703831?
False
Does 39 divide 40242?
False
Does 41 divide 1421470?
True
Is 28 a factor of 1312916?
False
Is 39015 a multiple of 85?
True
Is 32767297 a multiple of 519?
False
Is 806 a factor of 1918280?
True
Does 10 divide 103243?
False
Is 115 a factor of 7956850?
True
Is 173379 a multiple of 52?
False
Is 8 a factor of 58032?
True
Is 663 a factor of 8061908?
False
Is 1770 a factor of 15965400?
True
Is 914 a factor of 6895095?
False
Is 381 a factor of 1363599?
True
Is 31919 a multiple of 4?
False
Is 511 a factor of 4310103?
False
Is 30 a factor of 131820?
True
Is 979620 a multiple of 14?
False
Is 1132 a factor of 6705968?
True
Does 23 divide 35199959?
True
Is 1385 a factor of 9826575?
True
Is 6 a factor of 1027899?
False
Is 4 a factor of 180711?
False
Is 16 a factor of 13607152?
True
Is 836 a factor of 3096165?
False
Is 72 a factor of 361303?
False
Does 1279 divide 5187128?
False
Does 9 divide 1836?
True
Is 52 a factor of 526448?
True
Does 595 divide 559805?
False
Does 51 divide 74839?
False
Is 71817 a multiple of 56?
False
Is 53 a factor of 1211434?
False
Is 4046561 a multiple of 82?
False
Does 430 divide 14245900?
True
Does 50 divide 21050?
True
Does 11 divide 4019812?
False
Does 15 divide 4188449?
False
Is 24 a factor of 1230144?
True
Is 5862350 a multiple of 10?
True
Does 14 divide 7226646?
True
Does 214 divide 103978?
False
Is 17 a factor of 1670981?
True
Is 19 a factor of 751355?
True
Is 279 a factor of 11864864?
False
Is 79 a factor of 119805?
False
Is 14 a factor of 83834?
False
Is 433154 a multiple of 15?
False
Is 19 a factor of 16283?
True
Is 35 a factor of 901285?
True
Is 26767 a multiple of 96?
False
Is 2218561 a multiple of 650?
False
Is 15367 a multiple of 2?
False
Does 269 divide 890390?
True
Is 408 a factor of 847824?
True
Is 11 a factor of 487176?
False
Is 2323303 a multiple of 363?
False
Is 178 a factor of 19046?
True
Is 382 a factor of 2632362?
True
Is 73 a factor of 6691887?
False
Does 263 divide 164901?
True
Is 115615 a multiple of 19?
True
Is 4807022 a multiple of 360?
False
Does 20 divide 581487?
False
Does 16 divide 678961?
False
Is 98 a factor of 91721?
False
Does 5 divide 374586?
False
Is 46 a factor of 689052?
False
Is 154036 a multiple of 4?
True
Does 210 divide 2536608?
False
Is 599 a factor of 2537364?
True
Does 24 divide 2632345?
False
Is 12 a factor of 4398547?
False
Is 225 a factor of 4659075?
True
Is 98 a factor of 23320118?
False
Is 396696 a multiple of 13?
False
Is 954357 a multiple of 123?
True
Is 932140 a multiple of 190?
True
Is 3642128 a multiple of 434?
True
Does 83 divide 321243?
False
Is 67706 a multiple of 154?
False
Is 37 a factor of 60228?
False
Is 24149038 a multiple of 15?
False
Is 8 a factor of 3171105?
False
Is 6408 a multiple of 267?
True
Is 12 a factor of 3095112?
True
Is 14 a factor of 33138?
True
Is 521036 a multiple of 372?
False
Does 8 divide 26272?
True
Is 2 a factor of 415607?
False
Is 22403340 a multiple of 33?
False
Is 1035 a factor of 7425090?
True
Does 36 divide 156744?
True
Is 83 a factor of 205674?
True
Is 783122 a multiple of 30?
False
Does 22 divide 5262004?
True
Is 78 a factor of 207825?
False
Is 5 a factor of 12393?
False
Is 94534 a multiple of 11?
True
Is 6649675 a multiple of 7?
False
Is 176275 a multiple of 11?
True
Is 182827 a multiple of 26?
False
Is 32 a factor of 81600?
True
Is 1133695 a multiple of 41?
False
Is 45 a factor of 2531160?
True
Is 281 a factor of 643490?
True
Does 28 divide 481677?
False
Does 5 divide 107775?
True
Is 201 a factor of 9339634?
False
Is 459166 a multiple of 3?
False
Is 303 a factor of 7321086?
True
Is 13 a factor of 4436692?
True
Is 3 a factor of 30281?
False
Does 14 divide 379011?
False
Does 77 divide 5587077?
False
Is 241 a factor of 16388?
True
Is 17526113 a multiple of 9?
False
Does 75 divide 246764?
False
Does 9 divide 101826?
True
Is 83 a factor of 50271?
False
Does 87 divide 125940?
False
Does 5 divide 821182?
False
Is 800 a factor of 11055273?
False
Does 8 divide 6264968?
True
Is 9 a factor of 2830671?
True
Does 8 divide 56641?
False
Is 82867 a multiple of 226?
False
Is 22 a factor of 312935?
False
Is 346050 a multiple of 533?
False
Does 18 divide 16953738?
False
Is 2 a factor of 1014906?
True
Is 48 a factor of 288955?
False
Is 890020 a multiple of 22?
False
Is 977 a factor of 1765439?
True
Is 88675 a multiple of 45?
False
Does 179 divide 8618313?
True
Does 13 divide 888724?
False
Does 4 divide 122907?
False
Does 17 divide 456148?
False
Is 89 a factor of 1627009?
True
Is 6 a factor of 322830?
True
Does 5 divide 607517?
False
Is 98509 a multiple of 68?
False
Is 94 a factor of 4230983?
False
Is 144 a factor of 92016?
True
Is 8 a factor of 75568?
True
Is 753216 a multiple of 16?
True
Is 11 a factor of 608806?
True
Does 790 divide 3248063?
False
Is 2406044 a multiple of 68?
True
Is 861396 a multiple of 12?
True
Does 344 divide 116364?
False
Is 217952 a multiple of 293?
False
Is 9 a factor of 2331702?
True
Does 276 divide 938676?
True
Is 1971532 a multiple of 488?
False
Does 32 divide 592205?
False
Is 510300 a multiple of 162?
True
Does 48 divide 590208?
True
Is 147 a factor of 396899?
False
Is 132492 a multiple of 366?
True
Does 82 divide 535339?
False
Does 238 divide 640888?
False
Is 9 a factor of 3119976?
True
Is 2999 a multiple of 24?
False
Does 445 divide 407690?
False
Is 669593 a multiple of 10?
False
Is 49214 a multiple of 9?
False
Does 36 divide 345384?
True
Does 26 divide 4385?
False
Does 47 divide 1049369?
True
Is 2515386 a multiple of 117?
False
Does 40 divide 75280?
True
Is 1902150 a multiple of 30?
True
Is 933351 a multiple of 346?
False
Is 44 a factor of 1598652?
True
Is 925 a factor of 5137450?
True
Is 6092834 a multiple of 121?
True
Is 92877 a multiple of 113?
False
Is 3810334 a multiple of 682?
True
Is 11865474 a multiple of 27?
True
Is 21 a factor of 2780762?
False
Is 33 a factor of 32430?
False
Is 23 a factor of 8397?
False
Is 3427200 a multiple of 609?
False
Is 21 a factor of 2179810?
False
Does 231 divide 294525?
True
Is 658617 a multiple of 183?
True
Does 25 divide 1115650?
True
Does 520 divide 2161640?
True
Does 6 divide 442782?
True
Is 200972 a multiple of 4?
True
Does 1038 divide 14072166?
True
Does 10 divide 1365186?
False
Does 24 divide 804223?
False
Is 10 a factor of 298250?
True
Is 353 a factor of 2706804?
True
Is 16432350 a multiple of 115?
True
Is 121 a factor of 376068?
True
Is 7300810 a multiple of 205?
False
Does 20 divide 715760?
True
Is 684 a factor of 17382274?
False
Is 1983283 a multiple of 217?
False
Does 109 divide 194456?
True
Is 24425 a multiple of 8?
False
Is 13 a factor of 177515?
True
Is 9350214 a multiple of 1146?
True
Does 282 divide 11664648?
True
Does 15 divide 173797?
False
Does 66 divide 8111?
False
Is 825720 a multiple of 10?
True
Is 24 a factor of 246104?
False
Is 469 a factor of 6933696?
True
Does 279 divide 14196601?
False
Is 196035 a multiple of 3?
True
Is 8 a factor of 21168?
True
Is 12 a factor of 288060?
True
Is 461 a factor of 3154623?
True
Is 2649210 a multiple of 466?
True
Is 1452413 a multiple of 54?
False
Is 87438 a multiple of 57?
True
Does 94 divide 192418?
True
Is 8 a factor of 361150?
False
Is 1504009 a multiple of 608?
False
Does 75 divide 11567705?
False
Is 12 a factor of 101633?
False
Is 342 a factor of 12012408?
True
Is 62 a factor of 18988120?
True
Is 254993 a multiple of 78?
Fals